k). List the prime factors of i(n).
137
Let z(w) be the first derivative of 16*w**2 - 25*w + 98. What are the prime factors of z(6)?
167
Let l = -7 - -12. Let s = l - -78. Suppose -x = 4*t - s, 3*x - 58 - 121 = 2*t. List the prime factors of x.
3, 7
Let h(n) = -n. Let f be h(4). Let v(l) = 16*l**2 + l. Let z be v(f). What are the prime factors of (10/8)/(7/z)?
3, 5
Let m(w) = -7*w + 34. Let v be m(9). Let u = v + 31. What are the prime factors of (-34)/85 + 234/10 + u?
5
Let n(m) be the third derivative of 2/3*m**3 - 5/24*m**4 + 1/120*m**6 + 3*m**2 + 0*m + 0 + 0*m**5. List the prime factors of n(3).
2
Suppose 0 = 5*f - 3*f + 318. Let p be (1 - 0)/((-3)/f). Let a = p + -28. What are the prime factors of a?
5
Suppose 3*k - 148*f - 4878 = -149*f, 0 = 5*f - 15. List the prime factors of k.
5, 13
Let n = 40558 - 17102. What are the prime factors of n?
2, 733
What are the prime factors of ((-25)/15 - -7 - 6)*-1258*3?
2, 17, 37
Suppose 4*n + 24 = -4*a, 0*a + 10 = -5*a - n. What are the prime factors of (259/28)/(0 + a/(-20))?
5, 37
Suppose -91*k = -90*k - 262. Suppose -5*o + k = -1418. What are the prime factors of o?
2, 3, 7
Let w be 1/((-5)/(-20))*1/2. Let k be 862/10 - w/30*3. Let o = 128 - k. What are the prime factors of o?
2, 3, 7
Suppose -4 = 4*k - 5*h, 0 = -3*k + 2*h - h + 8. Suppose -129 = -k*o + 3*x, 2*o - 5*x - 14 = 33. List the prime factors of (o/54)/((-1)/(-96)).
2
Suppose -3*x = -3*d + 138927, -71*d + 67*d = 5*x - 185182. List the prime factors of d.
19, 2437
Suppose -5*i - 425 = 5*g, i + 2*i + 256 = -2*g. Let m = -96 - i. What are the prime factors of (-1)/((m/26)/5)?
13
Suppose 0 = -s - 25 - 32. Let n = s + 149. What are the prime factors of n + 2 + (-1 - 2)?
7, 13
Suppose -3*t = -3*o + 9, -4*o = -2*t - t - 15. List the prime factors of 3 - -337*(7 - o).
2, 5, 17
Suppose -l + 11 = 10*l. Let z be (-1)/3*l*(-9030)/10. Suppose 3*w - z = -85. What are the prime factors of w?
2, 3
Suppose 0 = -5*m + c + 17, -2*m - 2*c = -8 + 6. Suppose -t - m*r = -589, 6*r = r + 20. List the prime factors of t.
577
Suppose -3*s + 5*s = -4. Let o be (-2)/s*48/16. List the prime factors of (-7 - 1)/(o/(-15)).
2, 5
Suppose 0 = 11*c + 20 - 130. Let r(z) = -15*z + 12*z - c*z**2 + 4 - z**3 + 1. What are the prime factors of r(-10)?
5, 7
Let w(j) = -j**3 - 23*j**2 - 35*j + 45. List the prime factors of w(-25).
2, 5, 7, 31
Suppose 5*w - 801 + 6191 = 0. Let k = 1716 + w. List the prime factors of k.
2, 11, 29
Let w be (5/3 - 3)/(28/42). List the prime factors of (3/(-3))/(w/2676*2).
3, 223
Suppose -10105 = -u + 2*k, 9*u = 7*u - 3*k + 20196. Suppose -57*b + u = -44*b. List the prime factors of b.
3, 7, 37
Let m(x) = x**2 + 4*x + 5. Let n be m(-2). Let k be n + (-5)/(-10)*2. Suppose 4*v - 135 = -5*r, -4*v + 3*r = -k*v - 51. What are the prime factors of v?
2, 3, 5
Let n(q) = q**3 + 6*q**2 + 11*q - 287. List the prime factors of n(11).
31, 61
Suppose -5*n + 3*t = -20889, 49*t - 44*t = 3*n - 12543. Suppose 0 = -3*l + 5*m + n, -29*m = -3*l - 31*m + 4176. List the prime factors of l.
2, 3, 29
List the prime factors of 60/(-510) + (-3705774)/(-102) + -5.
2, 41, 443
Let w(r) = 138*r**2 - 80*r + 1074. What are the prime factors of w(15)?
2, 3, 859
Suppose -244892 = -4*c - 5*r - 44992, 5*c - 5*r = 249920. What are the prime factors of c?
2, 3, 5, 7, 17
Let p be (-16)/(-2)*-1*-1. Let v = p + -5. Suppose 222 = v*z + m + 2*m, 5*m - 94 = -z. What are the prime factors of z?
3, 23
Suppose 33*u = 39*u - 44904. Suppose -4*y + u = 2*z, z + 5719 - 111 = 3*y. List the prime factors of y.
2, 5, 11, 17
Let o(r) = 15*r + 807. What are the prime factors of o(78)?
3, 659
Let y(s) = -s**3 - 8*s**2 - 8*s - 14. Let p(o) = -3*o**3 - 16*o**2 - 15*o - 29. Let x(q) = 2*p(q) - 5*y(q). List the prime factors of x(9).
3, 7
What are the prime factors of (220/(-6))/((2/240)/((-972)/270))?
2, 3, 5, 11
Let r = 1932 + 9772. Suppose 6*p + 5*p = r. Suppose -8*d + p = -0*d. What are the prime factors of d?
7, 19
Let s(v) = v**3 + 2*v**2 - 6*v - 12. Let i be s(-2). Suppose -3*d = -2*a - 874, 3*d + 0*d + 5*a - 902 = i. What are the prime factors of d?
2, 3, 7
Let y(i) = 455*i**2 + 18*i - 404. What are the prime factors of y(-10)?
2, 3, 19, 197
Let p be (10985/40)/13 - (-1)/(-8). Suppose -22*s + p*s + 2 = 0. Suppose -s*i + 6 = -k + 32, 5*i + 76 = 3*k. What are the prime factors of k?
2, 11
Let b(p) = p - 3. Let r be b(5). Suppose -388 = -r*h - 5*v, 16*v = -2*h + 12*v + 392. What are the prime factors of h?
2, 3, 17
Suppose 0 = -6*q + 4671 - 1899. Suppose -g + 5*u = 2*g - q, u = g - 154. List the prime factors of g.
2, 7, 11
Suppose 5*n - 18 = 3*z, -5*z + 4*n - 3*n - 30 = 0. Let y be z*(-6)/(-1)*(-165)/22. Let w = -158 + y. What are the prime factors of w?
2, 7
Let u(j) = -j + 8. Let l(w) = -5*w**2 - 4*w. Let c(o) = o**2 - 1. Let d(f) = 3*c(f) + l(f). Let n be d(-3). What are the prime factors of u(n)?
17
List the prime factors of 19419 + (9 - 70/7) + -1.
19417
Let r(w) = -27*w**2 + 84*w**2 - 21*w**2 - 45 - 34*w**2 - 3*w**3. List the prime factors of r(-7).
2, 541
Let n(m) = -m - 11. Suppose 5 = -l - 7. Let u be n(l). Let r = u - -69. What are the prime factors of r?
2, 5, 7
Suppose 0 = l + 5*h - 7549, -8*h = -l - 3*h + 7579. List the prime factors of l.
2, 31, 61
Let o(a) = 86*a - 3. Let p be o(2). Let k be 0 + (-258)/(-12)*4. Let n = p - k. What are the prime factors of n?
83
Let u be 1*-5*((-6)/30 - 1). Suppose 2*z - 350 = -u. Suppose -v - z = -260. What are the prime factors of v?
2, 11
Suppose 0 = 9*x - 11804 - 16420. Suppose 32*t + x = 39*t. List the prime factors of t.
2, 7
Suppose 2*d + d = 15. Let t be (-1 - (-4 - 17)) + 2. Suppose d*r - t = 408. What are the prime factors of r?
2, 43
Let p(h) = -2*h**2 - 3*h. Let g(a) = -2*a**2 - a**2 + 0*a**2 - 2*a. Let t(k) = -4*g(k) + 3*p(k). What are the prime factors of t(2)?
2, 11
Let m be ((-86)/(-5))/((-6216)/(-480) - 13). Let j(r) = r**3 - 11*r**2 + 4*r - 1. Let i be j(6). Let h = i - m. List the prime factors of h.
11, 17
Let u(x) = 23*x**2 + 175*x + 150. What are the prime factors of u(25)?
2, 3, 5, 7
Let i(d) = -d**3 + 2*d**2 + 11*d - 1. Let a be i(5). Let w = a + -71. Let o = w - -158. What are the prime factors of o?
2, 3, 11
Let k = 3051 + -1325. Let x = k + -115. What are the prime factors of x?
3, 179
Let k be (10/(-4))/((-5)/10). Suppose k*r - f = -4, 0*f - 8 = -5*r - 2*f. Suppose -4*h + l + 928 = r, 0*h - 5*l = 2*h - 464. List the prime factors of h.
2, 29
Suppose -14*d = -13*d, 4 = 2*r + 3*d. Suppose -5*l = 5*a - 300, -r*l = -4*a + 212 + 58. List the prime factors of a.
5, 13
Let l = 70029 + -27889. List the prime factors of l.
2, 5, 7, 43
Suppose 49*i = -29*i + 899262. List the prime factors of i.
3, 7, 61
Suppose 2*y - 5*d = 3*y - 39, -5*y - 5*d = -95. Let l be (-1 + 18/y)/(6/84). Suppose 314 = 2*j - 3*z, -l*j = -3*j - 4*z - 157. What are the prime factors of j?
157
Let j = 1805 + -1186. Let r = -145 + j. What are the prime factors of r?
2, 3, 79
Let f = -78 + 80. Suppose f = 4*u + 2. Suppose 22*m - 14*m - 1256 = u. List the prime factors of m.
157
Suppose t = -w, 0 = 2*w + w + 9. Suppose -2*m + 10 = p, 5*p - t*m + 2 - 26 = 0. Suppose 46 + 2 = p*c. What are the prime factors of c?
2
Suppose 227591 = -909*g + 970*g. What are the prime factors of g?
7, 13, 41
What are the prime factors of ((-56)/24 - -3)*(-69651)/(-3)?
2, 71, 109
Let b(s) = -5*s + 49. Let u be b(10). Let j(r) = -130*r**3 - r**2 + 4*r + 3. What are the prime factors of j(u)?
2
Suppose 0 = 2*l + 4*f - 34, 7*l - 2*l + 5*f = 60. Let t(s) = -89*s - 9. Let b be t(l). What are the prime factors of b/(-10) - ((-4)/(-10))/2?
3, 7
Let k(a) = -a**2 + 8*a + 16. Let g be k(-2). List the prime factors of (g + 62 + -4)/((-4)/(-12)).
2, 3
What are the prime factors of (393/18*-2)/((-1)/339)?
113, 131
Suppose 4*w + 13*j - 17*j - 15584 = 0, 0 = 3*w + 2*j - 11713. List the prime factors of w.
47, 83
Let d = -1100 + 1754. Suppose d*v + 4704 = 660*v. List the prime factors of v.
2, 7
Let b be (-1)/(-7 - (-18)/3). What are the prime factors of 70 - (b - 1)*(-7 - -8)?
2, 5, 7
Let v(c) = 22*c**2 - 6*c + 1. Let q be v(-1). Suppose q*w - 18009 = 2*w. What are the prime factors of w?
23, 29
Suppose 3*i - 5*i + 2 = 0. Suppose -20*a + 1871 + 10929 = 0. List the prime factors of (-1 - -2)/(i + a/(-645)).
